base 8, what is -3 - -164?
161
In base 9, what is 22 + 7?
30
In base 15, what is -cb + 4?
-c7
In base 2, what is 100 + -1110001110?
-1110001010
In base 15, what is -1 - cb?
-cc
In base 16, what is -450 + 0?
-450
In base 8, what is -5 + 44?
37
In base 4, what is 0 + -123?
-123
In base 10, what is 60 + -4?
56
In base 7, what is 5 - 5101?
-5063
In base 14, what is -1 + -226c?
-226d
In base 5, what is 230 + -2?
223
In base 3, what is -12100 + 2?
-12021
In base 14, what is -9396 + 2?
-9394
In base 2, what is -100011 - 10101?
-111000
In base 13, what is 30 + 1?
31
In base 3, what is 1212122 - 0?
1212122
In base 13, what is -1 - -67?
66
In base 15, what is 26 - 8?
1d
In base 8, what is -64 + -1?
-65
In base 5, what is 11011 + 1?
11012
In base 3, what is 200 + -12?
111
In base 6, what is 53 + 4?
101
In base 16, what is 1d + 17?
34
In base 9, what is -10 - 44?
-54
In base 12, what is 9 + 69?
76
In base 15, what is 2717 - 2?
2715
In base 7, what is -56163 - -4?
-56156
In base 7, what is -1 + 25120?
25116
In base 10, what is 126 + 14?
140
In base 9, what is -7 + 102?
84
In base 3, what is -11 - -10?
-1
In base 11, what is -351 - -4?
-348
In base 4, what is 10 - 11100?
-11030
In base 15, what is -19 + 2ed?
2d4
In base 2, what is -100111 + -110010111?
-110111110
In base 10, what is -550 + 5?
-545
In base 11, what is 9 - 1143?
-1135
In base 10, what is 4 - -16?
20
In base 11, what is -2036 - 1?
-2037
In base 10, what is -510 - -2?
-508
In base 14, what is 11 + 31?
42
In base 13, what is 3 + -31?
-2b
In base 9, what is 51 + 25?
76
In base 13, what is a4 - 3?
a1
In base 5, what is 32 + 443?
1030
In base 10, what is -1149 - -5?
-1144
In base 14, what is 3313 + 3?
3316
In base 2, what is -110100011111 + 1000?
-110100010111
In base 14, what is -194 - 0?
-194
In base 9, what is -5 + -3312?
-3317
In base 8, what is -2 - -500?
476
In base 10, what is 3361 + 5?
3366
In base 15, what is -3 + 2b9?
2b6
In base 14, what is -31 + 10?
-21
In base 7, what is 6256 - 5?
6251
In base 13, what is -104 + -3?
-107
In base 7, what is 314 + -21?
263
In base 14, what is -4a2 - -2?
-4a0
In base 6, what is -4 - 3134?
-3142
In base 11, what is -104 - 4?
-108
In base 15, what is 5ab2 + -5?
5aac
In base 9, what is 0 - 53?
-53
In base 6, what is -15 - 4?
-23
In base 8, what is 11611 - 3?
11606
In base 6, what is 1 - -242?
243
In base 16, what is 5 - bb?
-b6
In base 15, what is -3 + -191?
-194
In base 9, what is -3 - 3246?
-3250
In base 7, what is 146 - -65?
244
In base 10, what is 3 + -14?
-11
In base 9, what is -21 - -10?
-11
In base 2, what is 10000000 - -11001?
10011001
In base 5, what is 3 - -10444?
11002
In base 14, what is -5 + -125?
-12a
In base 5, what is -1 - -41434?
41433
In base 13, what is c + 6b?
7a
In base 16, what is -65 + -6?
-6b
In base 15, what is -302 - 1c?
-31e
In base 3, what is -12 + 120222?
120210
In base 10, what is 1472 - 5?
1467
In base 14, what is -62 - 1?
-63
In base 15, what is 8 + -c?
-4
In base 7, what is -101 - 11?
-112
In base 12, what is -1025 - 6?
-102b
In base 16, what is -383 - 4?
-387
In base 7, what is -3 - 2524?
-2530
In base 5, what is -1234 - -2?
-1232
In base 12, what is 5 + -1190?
-1187
In base 2, what is 100 - -110111?
111011
In base 9, what is 18 + 74?
103
In base 16, what is -29 + -86?
-af
In base 11, what is 3 - -103?
106
In base 3, what is 12221 - 12?
12202
In base 9, what is -32625 - 0?
-32625
In base 13, what is -5b + -4?
-62
In base 8, what is 4 - -126?
132
In base 9, what is 1 + 122?
123
In base 13, what is -213 + -5?
-218
In base 14, what is -3c6 - -3?
-3c3
In base 14, what is 5 - -4c?
53
In base 13, what is -35 - -a?
-28
In base 6, what is -41 + 5014?
4533
In base 10, what is 1060 - -2?
1062
In base 2, what is 100 + -1011101?
-1011001
In base 7, what is -63 + 5?
-55
In base 3, what is -10110020 + 10?
-10110010
In base 11, what is -1 + 1680?
167a
In base 8, what is 3 + -40?
-35
In base 14, what is 2 - 21?
-1d
In base 9, what is 3 + 250?
253
In base 3, what is 1102012 + -1?
1102011
In base 4, what is -1031313 - -11?
-1031302
In base 3, what is -21211 - -2?
-21202
In base 2, what is 10 - 110?
-100
In base 3, what is -1001 - 1?
-1002
In base 5, what is 421 + 10?
431
In base 5, what is -12340 + -10?
-12400
In base 14, what is -2c - 47?
-75
In base 4, what is 1 + -11222?
-11221
In base 3, what is -11121 + 1?
-11120
In base 16, what is ce0 + 1?
ce1
In base 15, what is -c - -104?
e7
In base 3, what is -112220 - -12?
-112201
In base 2, what is -100001 - -10100?
-1101
In base 11, what is 1722 - 0?
1722
In base 7, what is -264 - 16?
-313
In base 6, what is 1 + -342?
-341
In base 13, what is 5 + 15a?
162
In base 10, what is 3089 + 2?
3091
In base 2, what is -10 + 1010?
1000
In base 6, what is 524 + -4?
520
In base 15, what is 5 + -64?
-5e
In base 12, what is 0 + 161?
161
In base 2, what is 101000010 - 10?
101000000
In base 10, what is 285 - -6?
291
In base 11, what is -1 + -450?
-451
In base 11, what is 0 - 379?
-379
In base 16, what is -3 + 5?
2
In base 7, what is -22 - 210?
-232
In base 11, what is 3 - -21a7?
21aa
In base 3, what is -12 + 1101?
1012
In base 6, what is -2 - 134?
-140
In base 3, what is 21201 + 222?
22200
In base 5, what is 42303 + 10?
42313
In base 3, what is -10 + 210?
200
In base 7, what is 21 - -16?
40
In base 10, what is -3 - -49?
46
In base 12, what is -27 - 10?
-37
In base 13, what is -841 - 3?
-844
In base 14, what is 5265 - -2?
5267
In base 14, what is -464 - -5?
-45d
In base 3, what is -1 + 2120?
2112
In base 4, what is -22 + 33?
11
In base 4, what is -10 + 2021332?
2021322
In base 13, what is 1c2b - -2?
1c30
In base 2, what is 11110 + 1?
11111
In base 16, what is 1d + -1?
1c
In base 16, what is -6a - 0?
-6a
In base 6, what is -5 + -25543?
-25552
In base 16, what is -2 - 20?
-22
In base 12, what is 28 - 7?
21
In base 15, what is -2bd + -a?
-2c8
In base 3, what is -12 + 10021?
10002
In base 10, what is 50 + -4?
46
In base 3, what is 201 - -1?
202
In base 12, what is 0 + -61?
-61
In base 13, what is 2 + -20?
-1b
In base 10, what is 7 + 38?
45
In base 5, what is -13 + -1440?
-2003
In base 5, what is 2 - 20412?
-20410
In base 9, what is -5 + 43?
37
In base 9, what is 5 + 4?
10
In base 2, what is 1111 - 1100000?
-1010001
In base 14, what is 5 - 3c?
-37
In base 14, what is -33d4 - -5?
-33cd
In base 15, what is 5 - -81?
86
In base 12, what is -1 + -62?
-63
In base 6, what is 3 - 1224?
-1221
In base 16, what is -30 - -4?
-2c
In base 6, what is -12 - -54?
42
In base 10, what is 2 - 57?
-55
In base 16, what is -70 + -1c?
-8c
In base 2, what is -1010 + 110011?
101001
In base 14, what is -c + 7b?
6d
In base 7, what is 450 + 6?
456
In base 13, what is -333 + 1?
-332
In base 5, what is -1013 - -10?
-1003
In base 14, what is 30a - -40?
34a
In base 16, what is -3 - d0?
-d3
In base 9, what is -2 + -40?
-42
In base 5, what is -304304 - 3?
-304312
In base 2, what is 10010110101 + -110?
10010101111
In base 2, what is 10 - 1010101110?
-1010101100
In base 8, what is -246 - -2?
-244
In base 12, what is 3 + 1b59?
1b60
In base 13, what is -24 + b7?
93
In base 7, what is 1411 + -5?
1403
In base 14, what is -3 - 11da?
-11dd
In base 8, what is 34356 + -4?
34352
In base 10, what is 0 - 81?
-81
In base 13, what is -a7 - 1?
-a8
In base 12, what is 20 - 1?
1b
In base 11, what is 14 + 77?
90
In base 13, what is -38 + 1?
-37
In base 9, what is -31 + -165?
-206
In base 5, what is -131 - -10?
-121
In base 12, what is -3 - -222?
21b
In base 7, what is -4 + 13605?
13601
In base 14, what is -1a6 - -a?
-19a
In base 5, what is -2430004 - 10?
-2430014
In base 3, what is 211212011 - 1?
211212010
In base 8, what is -6 + 3?
-3
In base 16, what is 8 + -7?
1
In base 8, what is -1533 - -2?
-1531
In base 5, what is 2 + -2312?
-2310
In base 10, what is 126 - -31?
157
In base 4, what is 3 + -33?
-30
In base 15, what is -d - -58?
4a
In base 14, what is 4 - 28b?
-287
In base 16, what is -244 + 3?
-241
In base 6, what is 500 - -14?
514
In base 2, what is 100 - 111?
-11
In base 4, what is 21 + -22301?
-22220
In base 4, what is -10211 - 0?
-10211
In base 10, what is 16186 + 1?
16187
In base 4, what is 20 - 111?
-31
In base 9, what is -3608 + 4?
-3604
In base 3, what is 10 - 1110?
-1100
In base 5, what is -13 + 2?
-11
In base 6, what is 12 + -14?
-2
In base 7, what is 1